s divided by 292?
45
Calculate the remainder when 2577 is divided by 1261.
55
Calculate the remainder when 15214 is divided by 354.
346
Calculate the remainder when 5447 is divided by 50.
47
Calculate the remainder when 6546 is divided by 543.
30
Calculate the remainder when 2567797 is divided by 200.
197
Calculate the remainder when 66345 is divided by 16577.
37
Calculate the remainder when 377687 is divided by 25179.
2
Calculate the remainder when 6701 is divided by 6688.
13
What is the remainder when 2673 is divided by 120?
33
What is the remainder when 104146 is divided by 316?
182
Calculate the remainder when 32676 is divided by 16300.
76
Calculate the remainder when 2109 is divided by 670.
99
What is the remainder when 6159 is divided by 2775?
609
Calculate the remainder when 7189 is divided by 163.
17
What is the remainder when 656898 is divided by 24?
18
What is the remainder when 1322 is divided by 1300?
22
What is the remainder when 5163 is divided by 72?
51
Calculate the remainder when 3991 is divided by 3966.
25
Calculate the remainder when 2827 is divided by 74.
15
Calculate the remainder when 52878 is divided by 430.
418
Calculate the remainder when 696 is divided by 267.
162
Calculate the remainder when 6963 is divided by 1152.
51
Calculate the remainder when 2877 is divided by 109.
43
Calculate the remainder when 27750 is divided by 65.
60
Calculate the remainder when 2431 is divided by 2431.
0
What is the remainder when 26462 is divided by 827?
825
What is the remainder when 444497 is divided by 35?
32
What is the remainder when 2209 is divided by 69?
1
What is the remainder when 85919 is divided by 17162?
109
Calculate the remainder when 395718 is divided by 56529.
15
Calculate the remainder when 7015 is divided by 2337.
4
Calculate the remainder when 7522 is divided by 7005.
517
Calculate the remainder when 595883 is divided by 251.
9
Calculate the remainder when 12066 is divided by 1000.
66
Calculate the remainder when 212399 is divided by 72.
71
Calculate the remainder when 622 is divided by 296.
30
Calculate the remainder when 10628 is divided by 57.
26
What is the remainder when 3476 is divided by 1603?
270
What is the remainder when 1659322 is divided by 53?
51
What is the remainder when 1612451 is divided by 23?
13
What is the remainder when 5178309 is divided by 354?
351
What is the remainder when 18369 is divided by 525?
519
Calculate the remainder when 9811 is divided by 560.
291
What is the remainder when 10531 is divided by 2183?
1799
What is the remainder when 17981 is divided by 17623?
358
Calculate the remainder when 2798613 is divided by 12.
9
What is the remainder when 15434 is divided by 2191?
97
Calculate the remainder when 11431 is divided by 1901.
25
Calculate the remainder when 607 is divided by 361.
246
Calculate the remainder when 3107 is divided by 1025.
32
Calculate the remainder when 469788 is divided by 9.
6
Calculate the remainder when 2831 is divided by 177.
176
Calculate the remainder when 116795 is divided by 54.
47
What is the remainder when 12898 is divided by 75?
73
Calculate the remainder when 8975692 is divided by 34.
32
What is the remainder when 327735 is divided by 1071?
9
What is the remainder when 4363858 is divided by 257?
255
Calculate the remainder when 663924 is divided by 7631.
27
What is the remainder when 54324 is divided by 3395?
4
Calculate the remainder when 51512 is divided by 1146.
1088
What is the remainder when 2265 is divided by 413?
200
What is the remainder when 70534 is divided by 273?
100
What is the remainder when 482 is divided by 83?
67
Calculate the remainder when 11941 is divided by 519.
4
What is the remainder when 14 is divided by 2?
0
What is the remainder when 4250 is divided by 154?
92
What is the remainder when 1242238 is divided by 803?
800
Calculate the remainder when 25561 is divided by 1039.
625
Calculate the remainder when 4217 is divided by 4172.
45
What is the remainder when 5880 is divided by 55?
50
Calculate the remainder when 12514 is divided by 20.
14
Calculate the remainder when 191359 is divided by 168.
7
What is the remainder when 19444 is divided by 6413?
205
Calculate the remainder when 6197 is divided by 3080.
37
What is the remainder when 594906 is divided by 198294?
24
Calculate the remainder when 89208 is divided by 29734.
6
Calculate the remainder when 47031 is divided by 2938.
23
What is the remainder when 23931 is divided by 1195?
31
What is the remainder when 985 is divided by 228?
73
Calculate the remainder when 20635 is divided by 10311.
13
What is the remainder when 1764489 is divided by 882242?
5
Calculate the remainder when 80498 is divided by 1963.
15
Calculate the remainder when 154815 is divided by 54.
51
Calculate the remainder when 1946 is divided by 1697.
249
Calculate the remainder when 39288 is divided by 93.
42
What is the remainder when 125572 is divided by 25?
22
Calculate the remainder when 2839 is divided by 940.
19
Calculate the remainder when 238899 is divided by 844.
47
What is the remainder when 21443 is divided by 151?
1
What is the remainder when 595783 is divided by 33?
1
Calculate the remainder when 18113 is divided by 1844.
1517
Calculate the remainder when 158127 is divided by 976.
15
Calculate the remainder when 1260 is divided by 143.
116
What is the remainder when 126930 is divided by 29?
26
Calculate the remainder when 254747 is divided by 36391.
10
Calculate the remainder when 29775 is divided by 42.
39
What is the remainder when 11563 is divided by 55?
13
What is the remainder when 103501 is divided by 213?
196
What is the remainder when 53571 is divided by 474?
9
Calculate the remainder when 15317 is divided by 3754.
301
What is the remainder when 5544 is divided by 395?
14
Calculate the remainder when 2597 is divided by 236.
1
Calculate the remainder when 2966 is divided by 66.
62
Calculate the remainder when 6738 is divided by 11.
6
Calculate the remainder when 15503 is divided by 5167.
2
Calculate the remainder when 2891 is divided by 112.
91
What is the remainder when 100208 is divided by 62?
16
What is the remainder when 1986 is divided by 603?
177
What is the remainder when 10771 is divided by 5385?
1
Calculate the remainder when 550 is divided by 207.
136
Calculate the remainder when 17860 is divided by 5917.
109
Calculate the remainder when 832 is divided by 394.
44
What is the remainder when 2937 is divided by 194?
27
What is the remainder when 5241 is divided by 752?
729
Calculate the remainder when 10468 is divided by 6.
4
Calculate the remainder when 13599 is divided by 56.
47
Calculate the remainder when 1102 is divided by 655.
447
Calculate the remainder when 39190 is divided by 19590.
10
Calculate the remainder when 349000 is divided by 138.
136
What is the remainder when 43876 is divided by 37?
31
What is the remainder when 4693 is divided by 61?
57
What is the remainder when 874723 is divided by 4?
3
Calculate the remainder when 1448 is divided by 508.
432
What is the remainder when 1018823 is divided by 24?
23
Calculate the remainder when 773157 is divided by 99.
66
Calculate the remainder when 1565 is divided by 396.
377
Calculate the remainder when 497351 is divided by 18.
11
Calculate the remainder when 2233 is divided by 219.
43
Calculate the remainder when 4556 is divided by 1934.
688
Calculate the remainder when 16499 is divided by 175.
49
What is the remainder when 41153 is divided by 25?
3
What is the remainder when 378078 is divided by 47258?
14
What is the remainder when 11133 is divided by 258?
39
What is the remainder when 1043119 is divided by 173851?
13
Calculate the remainder when 550 is divided by 4.
2
What is the remainder when 1438065 is divided by 59?
58
Calculate the remainder when 20238 is divided by 20237.
1
Calculate the remainder when 2701 is divided by 108.
1
Calculate the remainder when 7160 is divided by 125.
35
Calculate the remainder when 16846 is divided by 144.
142
What is the remainder when 1429746 is divided by 475?
471
What is the remainder when 147427 is divided by 16?
3
What is the remainder when 4257 is divided by 423?
27
What is the remainder when 52392 is divided by 46?
44
What is the remainder when 539213 is divided by 3370?
13
Calcula